{"id":2,"date":"2011-03-22T20:45:23","date_gmt":"2011-03-22T20:45:23","guid":{"rendered":"http:\/\/www.melacampanina.it\/?page_id=2"},"modified":"2016-03-30T02:11:51","modified_gmt":"2016-03-30T01:11:51","slug":"la-mela-campanina-di-paolo-franzoni","status":"publish","type":"page","link":"https:\/\/www.melacampanina.it\/?page_id=2","title":{"rendered":"Chi siamo"},"content":{"rendered":"<h2>L&#8217;Azienda Agricola Paolo Franzoni produce la mela campanina,e anche altra frutta antica da oltre 46 anni.<\/h2>\n<div id=\"attachment_189\" style=\"width: 310px\" class=\"wp-caption alignright\"><a href=\"http:\/\/www.melacampanina.it\/la-mela-campanina-di-paolo-franzoni\/mele-campanina-mantovana\/\" rel=\"attachment wp-att-189\"><img data-recalc-dims=\"1\" loading=\"lazy\" decoding=\"async\" aria-describedby=\"caption-attachment-189\" class=\"size-medium wp-image-189\" src=\"https:\/\/i0.wp.com\/www.melacampanina.it\/wp-content\/uploads\/2011\/03\/campanino-300x225.jpg?resize=300%2C225\" alt=\"mela campanina\" width=\"300\" height=\"225\" srcset=\"https:\/\/i0.wp.com\/www.melacampanina.it\/wp-content\/uploads\/2011\/03\/campanino.jpg?resize=300%2C225&amp;ssl=1 300w, https:\/\/i0.wp.com\/www.melacampanina.it\/wp-content\/uploads\/2011\/03\/campanino.jpg?resize=768%2C576&amp;ssl=1 768w, https:\/\/i0.wp.com\/www.melacampanina.it\/wp-content\/uploads\/2011\/03\/campanino.jpg?w=1000&amp;ssl=1 1000w\" sizes=\"auto, (max-width: 300px) 100vw, 300px\" \/><\/a><p id=\"caption-attachment-189\" class=\"wp-caption-text\">La mela campanina coltivata a Quistello (MN) da secoli anche per fare la rinomata mostarda mantovana<\/p><\/div>\n<p>&nbsp;<\/p>\n<p>La mia storia in comune con la mela campanina cominci\u00f2 46 anni f\u00e0 quando nacqui.Mio padre mise a dimora 1 ettaro (10000 metri quadrati) di alberi di mele campanine! Non lo fece per festeggiare la mia nascita,ma solo perch\u00e8 credeva in quello che faceva. Infatti per piantare un ettaro di mele campanine 46 anni f\u00e0 bisognava crederci veramente molto,oppure essere incoscienti. A chi si potevano vendere 500 quintali di mele che stavano passando di moda?\u00a0 Infatti a quei tempi i contadini cominciavano a piantare le mele &#8220;moderne&#8221; che il pubblico sembrava richiedere per la maggiore, quelle gialle cos\u00ec diffuse oggi,quelle rosse (le hanno anche messe nella favola di Biancaneve) ecc&#8230;\u00a0\u00a0 I frutteti di mele campanine (cos\u00ec diffusi in passato)erano spariti. Gli altri contadini cominciarono infatti a ridere di questa scelta strampalata,nessuno di loro lo avrebbe mai fatto infatti.\u00a0\u00a0\u00a0 Dopo alcuni anni le piante cominciarono a fare i primi frutti e mio padre li vendette.\u00a0 &lt;sono ancora pochi !&gt; Dicevano gli altri. &lt;vedrai quando ne comincerai a fare tanti !&gt;\u00a0 Passarono altri anni ,le piante crescevano,e la produzione di mele campanine anche. &lt; hai visto quel Franzoni? forse non \u00e8 cos\u00ec matto&gt; Pensavano i contadini.\u00a0 <strong>La realt\u00e0 era (ed \u00e8 tuttora) che il cliente che \u00e8 abituato a mangiare la mela campanina non la cambia con un&#8217;altra mela perch\u00e8 si accorge della differenza,sia che la mangi cotta oppure cruda. <\/strong>Ora la situazione si \u00e8 stabilizzata, negli ultimi 20 anni sono sorti molti frutteti di mele campanine,di molti contadini diversi tra loro (si va dal comune contadino ,al rinomato tecnico agrario,al bravissimo oratore ecc&#8230;),ma una cosa posso proprio dirla di mio padre: lui ci ha sempre creduto!<\/p>\n<p>Paolo Franzoni<\/p>\n<p>&nbsp;<\/p>\n<p>Venite a visitare la nostra azienda in via Semeghini 144 a S.Lucia di Quistello (MN)!<\/p>\n<p>Az.Agr.Paolo Franzoni Partita Iva 01768560201<\/p>\n<p><span style=\"font-family: Verdana;\">numero iscrizione CCIAA 46958\/1997<\/span><\/p>\n<p><span style=\"font-family: Verdana;\">cell.3495432485<\/span><\/p>\n<p>&nbsp;<\/p>\n","protected":false},"excerpt":{"rendered":"<p>L&#8217;Azienda Agricola Paolo Franzoni produce la mela campanina,e anche altra frutta antica da oltre 46 anni. &nbsp; La mia storia in comune con la mela campanina cominci\u00f2 46 anni f\u00e0 quando nacqui.Mio padre mise a dimora 1 ettaro (10000 metri &hellip; <a href=\"https:\/\/www.melacampanina.it\/?page_id=2\">Continua a leggere<span class=\"meta-nav\">&rarr;<\/span><\/a><\/p>\n","protected":false},"author":1,"featured_media":0,"parent":0,"menu_order":0,"comment_status":"open","ping_status":"open","template":"","meta":{"advanced_seo_description":"","jetpack_seo_html_title":"","jetpack_seo_noindex":false,"jetpack_post_was_ever_published":false,"footnotes":""},"class_list":["post-2","page","type-page","status-publish","hentry"],"jetpack_sharing_enabled":true,"_links":{"self":[{"href":"https:\/\/www.melacampanina.it\/index.php?rest_route=\/wp\/v2\/pages\/2","targetHints":{"allow":["GET"]}}],"collection":[{"href":"https:\/\/www.melacampanina.it\/index.php?rest_route=\/wp\/v2\/pages"}],"about":[{"href":"https:\/\/www.melacampanina.it\/index.php?rest_route=\/wp\/v2\/types\/page"}],"author":[{"embeddable":true,"href":"https:\/\/www.melacampanina.it\/index.php?rest_route=\/wp\/v2\/users\/1"}],"replies":[{"embeddable":true,"href":"https:\/\/www.melacampanina.it\/index.php?rest_route=%2Fwp%2Fv2%2Fcomments&post=2"}],"version-history":[{"count":11,"href":"https:\/\/www.melacampanina.it\/index.php?rest_route=\/wp\/v2\/pages\/2\/revisions"}],"predecessor-version":[{"id":854,"href":"https:\/\/www.melacampanina.it\/index.php?rest_route=\/wp\/v2\/pages\/2\/revisions\/854"}],"wp:attachment":[{"href":"https:\/\/www.melacampanina.it\/index.php?rest_route=%2Fwp%2Fv2%2Fmedia&parent=2"}],"curies":[{"name":"wp","href":"https:\/\/api.w.org\/{rel}","templated":true}]}}